{"id":902,"date":"2025-01-03T16:44:20","date_gmt":"2025-01-03T15:44:20","guid":{"rendered":"https:\/\/www.storasky.fr\/?post_type=product&#038;p=902"},"modified":"2025-01-03T16:44:20","modified_gmt":"2025-01-03T15:44:20","slug":"spiag","status":"publish","type":"product","link":"https:\/\/www.storasky.fr\/index.php\/produit\/spiag\/","title":{"rendered":"Spiag"},"content":{"rendered":"<ul>\n<li>Fabrication fran\u00e7aise<\/li>\n<li>Tissu italien<\/li>\n<li>Taille unique<\/li>\n<li>Kimono en soie<\/li>\n<li>Longueur : Au dessus des chevilles<\/li>\n<li>Passants sur les cot\u00e9s<\/li>\n<\/ul>\n<p><strong>Entretien :<\/strong><\/p>\n<ul>\n<li>Lavage de pr\u00e9f\u00e9rence \u00e0 la main \/ \u00e0 30\u00b0 en machine<\/li>\n<\/ul>\n<p>&nbsp;<\/p>\n","protected":false},"excerpt":{"rendered":"<p>Le kimono Spiag en soie, une signature Storasky.<\/p>\n","protected":false},"featured_media":903,"template":"","meta":[],"product_cat":[28],"product_tag":[],"class_list":["post-902","product","type-product","status-publish","has-post-thumbnail","hentry","product_cat-kimonos"],"_links":{"self":[{"href":"https:\/\/www.storasky.fr\/index.php\/wp-json\/wp\/v2\/product\/902","targetHints":{"allow":["GET"]}}],"collection":[{"href":"https:\/\/www.storasky.fr\/index.php\/wp-json\/wp\/v2\/product"}],"about":[{"href":"https:\/\/www.storasky.fr\/index.php\/wp-json\/wp\/v2\/types\/product"}],"wp:featuredmedia":[{"embeddable":true,"href":"https:\/\/www.storasky.fr\/index.php\/wp-json\/wp\/v2\/media\/903"}],"wp:attachment":[{"href":"https:\/\/www.storasky.fr\/index.php\/wp-json\/wp\/v2\/media?parent=902"}],"wp:term":[{"taxonomy":"product_cat","embeddable":true,"href":"https:\/\/www.storasky.fr\/index.php\/wp-json\/wp\/v2\/product_cat?post=902"},{"taxonomy":"product_tag","embeddable":true,"href":"https:\/\/www.storasky.fr\/index.php\/wp-json\/wp\/v2\/product_tag?post=902"}],"curies":[{"name":"wp","href":"https:\/\/api.w.org\/{rel}","templated":true}]}}