{"id":537,"date":"2024-06-21T17:11:17","date_gmt":"2024-06-21T15:11:17","guid":{"rendered":"https:\/\/www.storasky.fr\/?post_type=product&#038;p=537"},"modified":"2024-12-22T16:17:25","modified_gmt":"2024-12-22T15:17:25","slug":"pantaloni-gigi","status":"publish","type":"product","link":"https:\/\/www.storasky.fr\/index.php\/produit\/pantaloni-gigi\/","title":{"rendered":"Pantaloni &#8211; Gigi"},"content":{"rendered":"<ul>\n<li>Fabrication fran\u00e7aise<\/li>\n<li>Tissu Italien<\/li>\n<li>Coton et viscose<\/li>\n<li>Elastique \u00e0 la taille<\/li>\n<li>Poches<\/li>\n<li>Longueur : aux chevilles<\/li>\n<\/ul>\n<p><strong>Entretien :<\/strong><\/p>\n<ul>\n<li>\u00a0Lavage \u00e0 30\u00b0<\/li>\n<\/ul>\n","protected":false},"excerpt":{"rendered":"<p>Le pantalon Gigi, une coupe droite, un \u00e9lastique \u00e0 la taille et un motif unique ! Chic et confortable, c&#8217;est la pi\u00e8ce de vos soir\u00e9es d&#8217;\u00e9t\u00e9. Toujours r\u00e9alis\u00e9 dans notre atelier, le pantalon Gigi est le fruit d&#8217;un savoir-faire fran\u00e7ais.<\/p>\n","protected":false},"featured_media":669,"template":"","meta":[],"product_cat":[38,29],"product_tag":[],"class_list":["post-537","product","type-product","status-publish","has-post-thumbnail","hentry","product_cat-pantalons","product_cat-pret-a-porter"],"_links":{"self":[{"href":"https:\/\/www.storasky.fr\/index.php\/wp-json\/wp\/v2\/product\/537","targetHints":{"allow":["GET"]}}],"collection":[{"href":"https:\/\/www.storasky.fr\/index.php\/wp-json\/wp\/v2\/product"}],"about":[{"href":"https:\/\/www.storasky.fr\/index.php\/wp-json\/wp\/v2\/types\/product"}],"wp:featuredmedia":[{"embeddable":true,"href":"https:\/\/www.storasky.fr\/index.php\/wp-json\/wp\/v2\/media\/669"}],"wp:attachment":[{"href":"https:\/\/www.storasky.fr\/index.php\/wp-json\/wp\/v2\/media?parent=537"}],"wp:term":[{"taxonomy":"product_cat","embeddable":true,"href":"https:\/\/www.storasky.fr\/index.php\/wp-json\/wp\/v2\/product_cat?post=537"},{"taxonomy":"product_tag","embeddable":true,"href":"https:\/\/www.storasky.fr\/index.php\/wp-json\/wp\/v2\/product_tag?post=537"}],"curies":[{"name":"wp","href":"https:\/\/api.w.org\/{rel}","templated":true}]}}