{"id":434,"date":"2023-12-14T22:33:44","date_gmt":"2023-12-14T21:33:44","guid":{"rendered":"https:\/\/www.storasky.fr\/?post_type=product&#038;p=434"},"modified":"2024-09-07T14:31:08","modified_gmt":"2024-09-07T12:31:08","slug":"colibri","status":"publish","type":"product","link":"https:\/\/www.storasky.fr\/index.php\/produit\/colibri\/","title":{"rendered":"Colibri"},"content":{"rendered":"<ul>\n<li>Fabrication Franco &#8211; Italienne<\/li>\n<li>Velours de soie italien<\/li>\n<li>Broderie en fil d&#8217;or<\/li>\n<li>Doublure en coton<\/li>\n<li>Semelle : caoutchouc recycl\u00e9<\/li>\n<li>Talon : plat<\/li>\n<\/ul>\n<p><strong>Entretien :<\/strong><\/p>\n<ul>\n<li>Lavage \u00e0 sec<\/li>\n<li>Brosse douce<\/li>\n<\/ul>\n","protected":false},"excerpt":{"rendered":"<p>Port\u00e9es par les gondoliers, les Furlanes sont connus pour leur confort et leur \u00e9l\u00e9gance. Traditionnellement con\u00e7u en velours uni, la touche Storasky c\u2019est une broderie unique r\u00e9alis\u00e9e dans notre atelier, associ\u00e9 \u00e0 un assemblage italien. Nos collaborateurs italiens sont sp\u00e9cialis\u00e9s dans la confection de Furlanes de g\u00e9n\u00e9rations en g\u00e9n\u00e9rations depuis 1889.<\/p>\n<p>Mixte, la Furlane est port\u00e9e par tous ;\u00a0 \u00c9cologiques, les semelles sont con\u00e7ues \u00e0 partir de caoutchouc recycl\u00e9.<\/p>\n","protected":false},"featured_media":445,"template":"","meta":[],"product_cat":[27],"product_tag":[],"class_list":["post-434","product","type-product","status-publish","has-post-thumbnail","hentry","product_cat-chaussures"],"_links":{"self":[{"href":"https:\/\/www.storasky.fr\/index.php\/wp-json\/wp\/v2\/product\/434","targetHints":{"allow":["GET"]}}],"collection":[{"href":"https:\/\/www.storasky.fr\/index.php\/wp-json\/wp\/v2\/product"}],"about":[{"href":"https:\/\/www.storasky.fr\/index.php\/wp-json\/wp\/v2\/types\/product"}],"wp:featuredmedia":[{"embeddable":true,"href":"https:\/\/www.storasky.fr\/index.php\/wp-json\/wp\/v2\/media\/445"}],"wp:attachment":[{"href":"https:\/\/www.storasky.fr\/index.php\/wp-json\/wp\/v2\/media?parent=434"}],"wp:term":[{"taxonomy":"product_cat","embeddable":true,"href":"https:\/\/www.storasky.fr\/index.php\/wp-json\/wp\/v2\/product_cat?post=434"},{"taxonomy":"product_tag","embeddable":true,"href":"https:\/\/www.storasky.fr\/index.php\/wp-json\/wp\/v2\/product_tag?post=434"}],"curies":[{"name":"wp","href":"https:\/\/api.w.org\/{rel}","templated":true}]}}