{"id":144,"date":"2023-11-27T13:43:43","date_gmt":"2023-11-27T12:43:43","guid":{"rendered":"https:\/\/www.storasky.fr\/?post_type=product&#038;p=144"},"modified":"2024-10-07T16:24:57","modified_gmt":"2024-10-07T14:24:57","slug":"rosa","status":"publish","type":"product","link":"https:\/\/www.storasky.fr\/index.php\/produit\/rosa\/","title":{"rendered":"Rosa"},"content":{"rendered":"<ul>\n<li>Fabrication fran\u00e7aise<\/li>\n<li>Tissu italien<\/li>\n<li>Veste en velours<\/li>\n<li>Doublure en soie<\/li>\n<\/ul>\n<p><strong>Entretien :<\/strong><\/p>\n<ul>\n<li>Lavage \u00e0 30\u00b0<\/li>\n<\/ul>\n<p>&nbsp;<\/p>\n","protected":false},"excerpt":{"rendered":"<div class=\"woocommerce-product-details__short-description\">\n<p>R\u00e9alis\u00e9 \u00e0 la main dans notre atelier, le Bombers Rosa associe un velours de soie \u00e0 une doublure en soie. \u00c9l\u00e9gant et moderne, c\u2019est une pi\u00e8ce qui se marie \u00e0 tous vos looks.<\/p>\n<p>Doubl\u00e9 en soie, c\u2019est un tissu naturel, durable, qui pr\u00e9sente de nombreux avantages : antibact\u00e9rienne, hypoallerg\u00e9nique, hygi\u00e9nique, thermique et esth\u00e9tique.<\/p>\n<p>&nbsp;<\/p>\n<\/div>\n","protected":false},"featured_media":148,"template":"","meta":[],"product_cat":[30],"product_tag":[],"class_list":["post-144","product","type-product","status-publish","has-post-thumbnail","hentry","product_cat-vestes"],"_links":{"self":[{"href":"https:\/\/www.storasky.fr\/index.php\/wp-json\/wp\/v2\/product\/144","targetHints":{"allow":["GET"]}}],"collection":[{"href":"https:\/\/www.storasky.fr\/index.php\/wp-json\/wp\/v2\/product"}],"about":[{"href":"https:\/\/www.storasky.fr\/index.php\/wp-json\/wp\/v2\/types\/product"}],"wp:featuredmedia":[{"embeddable":true,"href":"https:\/\/www.storasky.fr\/index.php\/wp-json\/wp\/v2\/media\/148"}],"wp:attachment":[{"href":"https:\/\/www.storasky.fr\/index.php\/wp-json\/wp\/v2\/media?parent=144"}],"wp:term":[{"taxonomy":"product_cat","embeddable":true,"href":"https:\/\/www.storasky.fr\/index.php\/wp-json\/wp\/v2\/product_cat?post=144"},{"taxonomy":"product_tag","embeddable":true,"href":"https:\/\/www.storasky.fr\/index.php\/wp-json\/wp\/v2\/product_tag?post=144"}],"curies":[{"name":"wp","href":"https:\/\/api.w.org\/{rel}","templated":true}]}}